y 253?
247
What is the remainder when 3463875 is divided by 2297?
2296
What is the remainder when 19724 is divided by 6485?
269
Calculate the remainder when 5600 is divided by 1852.
44
What is the remainder when 387430 is divided by 8?
6
What is the remainder when 1911 is divided by 102?
75
Calculate the remainder when 4563 is divided by 1514.
21
Calculate the remainder when 749 is divided by 679.
70
What is the remainder when 220190 is divided by 12952?
6
Calculate the remainder when 16742 is divided by 189.
110
What is the remainder when 855030 is divided by 18192?
6
What is the remainder when 28504 is divided by 136?
80
Calculate the remainder when 1169 is divided by 193.
11
Calculate the remainder when 601765 is divided by 22.
21
Calculate the remainder when 35813 is divided by 3979.
2
Calculate the remainder when 9134 is divided by 183.
167
What is the remainder when 77373 is divided by 416?
413
What is the remainder when 59069 is divided by 488?
21
Calculate the remainder when 213061 is divided by 79.
77
Calculate the remainder when 141815 is divided by 70.
65
Calculate the remainder when 269247 is divided by 83.
78
What is the remainder when 1641 is divided by 1524?
117
Calculate the remainder when 20834 is divided by 1599.
47
What is the remainder when 21585 is divided by 3597?
3
Calculate the remainder when 5118 is divided by 8.
6
Calculate the remainder when 14090 is divided by 14079.
11
Calculate the remainder when 113867 is divided by 59.
56
Calculate the remainder when 8323 is divided by 632.
107
Calculate the remainder when 19560 is divided by 6113.
1221
Calculate the remainder when 878335 is divided by 584.
583
What is the remainder when 1994 is divided by 74?
70
Calculate the remainder when 2769 is divided by 2637.
132
What is the remainder when 17465 is divided by 213?
212
What is the remainder when 3162 is divided by 1165?
832
Calculate the remainder when 2774 is divided by 2259.
515
Calculate the remainder when 142370 is divided by 26.
20
Calculate the remainder when 13616 is divided by 8.
0
What is the remainder when 26772 is divided by 8924?
0
What is the remainder when 84353 is divided by 89?
70
What is the remainder when 39642 is divided by 65?
57
Calculate the remainder when 18553 is divided by 1899.
1462
Calculate the remainder when 375 is divided by 89.
19
Calculate the remainder when 5806672 is divided by 27.
25
What is the remainder when 50379 is divided by 55?
54
What is the remainder when 3767 is divided by 276?
179
What is the remainder when 30254 is divided by 118?
46
Calculate the remainder when 12873 is divided by 1074.
1059
What is the remainder when 7241 is divided by 260?
221
Calculate the remainder when 744 is divided by 164.
88
Calculate the remainder when 9560 is divided by 3185.
5
Calculate the remainder when 1797 is divided by 176.
37
What is the remainder when 123499 is divided by 20583?
1
What is the remainder when 27129 is divided by 17?
14
Calculate the remainder when 29 is divided by 14.
1
Calculate the remainder when 269977 is divided by 31.
29
Calculate the remainder when 22231 is divided by 800.
631
What is the remainder when 41250 is divided by 10310?
10
Calculate the remainder when 3114 is divided by 33.
12
What is the remainder when 192985 is divided by 3641?
12
What is the remainder when 13868 is divided by 4596?
80
Calculate the remainder when 326245 is divided by 1919.
15
Calculate the remainder when 1110029 is divided by 1496.
1493
What is the remainder when 818065 is divided by 147?
10
What is the remainder when 23962 is divided by 270?
202
Calculate the remainder when 5940 is divided by 2952.
36
Calculate the remainder when 5689145 is divided by 1743.
1736
What is the remainder when 703056 is divided by 35?
11
What is the remainder when 7762 is divided by 131?
33
What is the remainder when 3377 is divided by 814?
121
What is the remainder when 12708 is divided by 12?
0
Calculate the remainder when 384614 is divided by 19.
16
What is the remainder when 12105 is divided by 5649?
807
What is the remainder when 963 is divided by 184?
43
Calculate the remainder when 94687 is divided by 541.
12
What is the remainder when 1558 is divided by 110?
18
What is the remainder when 2994 is divided by 4?
2
Calculate the remainder when 1740 is divided by 56.
4
Calculate the remainder when 520 is divided by 313.
207
Calculate the remainder when 805388 is divided by 443.
14
Calculate the remainder when 148 is divided by 40.
28
What is the remainder when 2788 is divided by 1041?
706
What is the remainder when 4297 is divided by 428?
17
What is the remainder when 7378 is divided by 2379?
241
What is the remainder when 27968 is divided by 27959?
9
Calculate the remainder when 3915 is divided by 1823.
269
Calculate the remainder when 15105 is divided by 4.
1
What is the remainder when 17367 is divided by 1733?
37
Calculate the remainder when 66748 is divided by 20.
8
Calculate the remainder when 698 is divided by 120.
98
What is the remainder when 133151 is divided by 374?
7
What is the remainder when 505198 is divided by 102?
94
What is the remainder when 14076 is divided by 13940?
136
What is the remainder when 199794 is divided by 222?
216
Calculate the remainder when 3999 is divided by 683.
584
Calculate the remainder when 217973 is divided by 44.
41
What is the remainder when 14148 is divided by 1293?
1218
What is the remainder when 148 is divided by 64?
20
What is the remainder when 73295 is divided by 100?
95
What is the remainder when 2927188 is divided by 265?
263
What is the remainder when 3507 is divided by 698?
17
Calculate the remainder when 1265112 is divided by 1762.
1758
What is the remainder when 1414775 is divided by 91?
89
Calculate the remainder when 87562 is divided by 83.
80
Calculate the remainder when 23298 is divided by 30.
18
Calculate the remainder when 14712 is divided by 390.
282
Calculate the remainder when 86199 is divided by 43094.
11
Calculate the remainder when 7896 is divided by 3894.
108
Calculate the remainder when 11489 is divided by 957.
5
Calculate the remainder when 5746 is divided by 1398.
154
What is the remainder when 9049 is divided by 8881?
168
Calculate the remainder when 8527 is divided by 199.
169
What is the remainder when 4411 is divided by 98?
1
What is the remainder when 4862 is divided by 256?
254
Calculate the remainder when 855 is divided by 438.
417
Calculate the remainder when 2758 is divided by 182.
28
What is the remainder when 1927 is divided by 946?
35
What is the remainder when 54009 is divided by 76?
49
Calculate the remainder when 7547 is divided by 629.
628
What is the remainder when 1781595 is divided by 1757?
1754
Calculate the remainder when 65777 is divided by 1826.
41
What is the remainder when 575 is divided by 28?
15
Calculate the remainder when 16689 is divided by 29.
14
Calculate the remainder when 4857 is divided by 212.
193
Calculate the remainder when 179042 is divided by 173.
160
What is the remainder when 4083 is divided by 812?
23
What is the remainder when 7009 is divided by 190?
169
Calculate the remainder when 14319 is divided by 1416.
159
What is the remainder when 12158 is divided by 1350?
8
Calculate the remainder when 4166 is divided by 2452.
1714
Calculate the remainder when 470361 is divided by 26131.
3
Calculate the remainder when 544533 is divided by 18.
15
What is the remainder when 1210 is divided by 332?
214
Calculate the remainder when 243835 is divided by 94.
93
Calculate the remainder when 148105 is divided by 21138.
139
What is the remainder when 3876 is divided by 427?
33
What is the remainder when 299197 is divided by 20?
17
Calculate the remainder when 227625 is divided by 233.
217
What is the remainder when 33612 is divided by 16?
12
What is the remainder when 352868 is divided by 13?
9
Calculate the remainder when 31090 is divided by 691.
686
What is the remainder when 12050 is divided by 25?
0
What is the remainder when 472862 is divided by 32?
30
What is the remainder when 10177 is divided by 845?
37
What is the remainder when 44977 is divided by 146?
9
Calculate the remainder when 9614 is divided by 9510.
104
Calculate the remainder when 79240 is divided by 639.
4
Calculate the remainder when 1358